*b + 21 = 377, -4*l + 322 = 3*b. What is the remainder when 1206 is divided by l?
66
Suppose -26183*i + 2900 = -26173*i. Calculate the remainder when i is divided by 27.
20
Let t(s) = 948*s - 194. What is the remainder when t(3) is divided by 34?
32
Let d = 6100 - 5612. What is the remainder when d is divided by 133?
89
Let l(z) = -z**2 + 59*z + 2194. Calculate the remainder when 577 is divided by l(84).
13
Suppose -38*b - 1106 = -1752. What is the remainder when 5455 is divided by b?
15
Suppose -48*j = -32*j - 1728. Let p = 115 - j. Calculate the remainder when 11 is divided by p.
4
Let c(t) = 4798*t - 5673. What is the remainder when c(3) is divided by 2905?
6
Suppose 8460 = 5*f - 3*o, 0 = 3*f + 11*o - 8*o - 5100. What is the remainder when f is divided by 1682?
13
Let g(l) = l**2 + 8*l + 7. Let x be g(-7). Let h(t) = 12*t**2 + x - 23 - 2*t**2 - t**3 + 6*t. What is the remainder when h(10) is divided by 14?
9
Calculate the remainder when 942 is divided by 156/(((-1)/(-15))/((-6)/(-30))).
6
Let p = -45 + 49. Let y be 2 - (1 + p) - -121. Calculate the remainder when 3/((-9)/6)*y/(-4) is divided by 30.
29
Let j(x) = x**2 - 11*x - 48. Let t(v) = -v - 2. Let f be t(-3). Calculate the remainder when f + 36 + -1 + -1 is divided by j(-4).
11
Let k = 1 + 4. Let q be (2/(-21)*-3)/(k/35). Suppose -v = -2*b + 26, 4*b = q*v + v + 52. Calculate the remainder when b is divided by 7.
6
Suppose -6*u = -2*u - 304. Suppose f - 63*z = -62*z + 28, -5*f + 92 = z. Calculate the remainder when u is divided by f.
16
Let h(a) = a**3 - 28*a**2 + 13*a - 2. Let i(z) = -z**3 + 26*z**2 - 14*z + 2. Let f(j) = -4*h(j) - 5*i(j). Calculate the remainder when 41 is divided by f(17).
11
Let j(m) = -m**2 + 25*m + 30. Suppose -2*l = -2*z + 12, -2*l + 5*l = 2*z - 15. Suppose -5*b + z*b + 298 = 0. Calculate the remainder when b is divided by j(25).
29
Let g = 7 + 45. Let x(r) = -294*r + 683. Calculate the remainder when x(2) is divided by g.
43
Let p = 197 - 169. Suppose -24*h - 480 = -p*h. What is the remainder when h is divided by 27?
12
Suppose 2*l - 19 = 3. Suppose 2*n + t = -0*n + l, 3*t = -n + 8. Suppose -26 = -4*d + 3*u + 45, -4*u = -4*d + 72. What is the remainder when d is divided by n?
2
Suppose -2*c = -2*p + 34, 0*c = -p - 2*c + 17. Suppose 247 = 246*w - 233*w. Calculate the remainder when w is divided by p.
2
Let s(b) = 19*b - 4*b**2 - 47 - 20*b + 24*b + 27*b + b. Let y = 6 - -11. Calculate the remainder when s(11) is divided by y.
13
Let p = 66801 + -66775. Let d = -10 + 21. What is the remainder when p is divided by d?
4
Let q = -94 + 298. Suppose 31*u - 15*u - 32 = 0. Suppose 42 + 50 = u*k + 5*s, -2*k - 3*s + 88 = 0. Calculate the remainder when q is divided by k.
40
Suppose -18*z = 634 - 5314. Calculate the remainder when z is divided by 77.
29
Suppose 310*z - 5*b = 315*z - 90, -27 = -2*z - 5*b. Calculate the remainder when 323 is divided by z.
8
Let k = -362 - -516. What is the remainder when 121 is divided by (-1 + (-129)/(-21))/(22/k)?
13
Suppose -469 = -t + 4*z, 0 = 4*t - z - 1471 - 435. Calculate the remainder when t is divided by 123.
108
Let g(a) be the second derivative of -7*a**3/2 + 151*a**2/2 + 23*a. What is the remainder when 49 is divided by g(6)?
24
Let v(g) = -258*g - 722. What is the remainder when -3 - (16/(-24) - 226/3) is divided by v(-3)?
21
Let o(d) = -13*d**2 + 401*d - 23. What is the remainder when o(9) is divided by 42?
13
Suppose 3*s - 823 - 90 = -2*u, 5*s + 3*u - 1522 = 0. Suppose g + s = 4*g - 4*c, -2*g + 209 = 3*c. Calculate the remainder when g is divided by 36.
31
Let l = 1215 - 1116. Calculate the remainder when 1184 is divided by l.
95
Let a = 38 - 18. Suppose -99709*w + 99719*w - 424 - 356 = 0. What is the remainder when w is divided by a?
18
Let c(b) = 7*b**2 + 191*b + 66. What is the remainder when 703 is divided by c(-27)?
7
Suppose -72*b + 14137 = -35831. Calculate the remainder when b is divided by 88.
78
Let u(x) = 5*x - 24. Let c be u(6). Suppose -45 = -c*y - 225. Calculate the remainder when 39 is divided by y*(-1*(-4 + 6))/3.
19
Suppose 15912 = -44*w + 25416. Calculate the remainder when w is divided by 101.
14
Let s(t) = -18*t + 68. Let h be (-6)/(-15) + 192/(-30). What is the remainder when s(h) is divided by 10?
6
Calculate the remainder when ((-1680)/9)/((-10)/15) is divided by 39.
7
Let n(h) = 2*h**2 - 3*h. Let c be n(2). Let w be (0 + (1 - 2))/((-10)/(-540)*1). What is the remainder when w/12*c/(-3) - -54 is divided by 31?
26
Let a(t) = -4*t**2 + 75*t - 158. Calculate the remainder when 826 is divided by a(5).
7
Let u = -46 - -66. Suppose -11*c + 599 = 324. Suppose -c*l = -1 - 1174. Calculate the remainder when l is divided by u.
7
Suppose 5*h + 0*p + p = -118, 4*h + 102 = 3*p. Let o be (8/h)/((-2)/492). Let g = 149 - o. Calculate the remainder when g is divided by 17.
16
Let r(v) = -44*v**3 - v**2 + 3*v + 1. Suppose 4*m = g - 8, g = -2*m - 4 + 18. What is the remainder when r(-2) is divided by g?
7
Let q = -71 - -37. Let t = q - 28. Let v = t - -142. Calculate the remainder when v is divided by 42.
38
Suppose -5*t = -5*y + 15, 4*y = 4*t + t + 10. Suppose y*r + 696 = r. Calculate the remainder when (16/(-10) - -1) + r/(-15) is divided by 7.
4
Let i = -5735 + 6076. What is the remainder when 682 is divided by i?
0
Suppose 2*x + 514 - 136 = 0. Let o = x + 224. What is the remainder when 55 is divided by o?
20
What is the remainder when 10474 is divided by 2*25*((-517)/(-94) + -5)?
24
Suppose -7*g - 450 = -2*o - 9*g, 4*o + 3*g = 898. What is the remainder when o is divided by 9?
7
Let i be 6/(12/(-6) - (-350)/172). Let v = 191 - i. What is the remainder when 72 is divided by v?
15
Suppose 24*c = 27*c - 4692. Calculate the remainder when c is divided by 174.
172
Suppose 406 = 10*l + 196. Calculate the remainder when 2 - 0 - -71*2 is divided by l.
18
Suppose 0 = 4*a - 191 + 11. Let u(n) = n**2 + 25*n - 137. What is the remainder when a is divided by u(5)?
6
Suppose 381 - 131 = 5*b. Let d(j) = -j**3 + 2*j**2 + 6*j - 39. Let v be d(-6). Let r = v + -185. What is the remainder when b is divided by r?
22
Calculate the remainder when 6216/(-370)*(-100)/8 is divided by 73.
64
Suppose 0 = 2*l - 4*l, -m = -3*l - 11. Suppose -2*j = -5*f + 670, 2*f + m*j - 14*j = 279. Calculate the remainder when f is divided by 58.
16
Suppose -t - 125 = -2*j, -48*t - 201 = -3*j - 51*t. Calculate the remainder when 1758 is divided by j.
30
Suppose -5*x = -5*o - 30, 4*x - 9 = 4*o + 3*x. Calculate the remainder when (24/(-72))/(o/264) is divided by 25.
13
Let p = -3218 + 3294. Calculate the remainder when 142 is divided by p.
66
Suppose -2*t + 2*d + 9 = d, 0 = 2*d + 10. Suppose 0 = 4*x + j - 775, 4*j = 2*j - 2. Calculate the remainder when x is divided by (-2)/2 - 120/(-1 - t).
38
Let c(l) = 1975*l**2 + 9. What is the remainder when c(2) is divided by 172?
169
Suppose -3*w + 4*w = -6*w. Suppose -4*n + i + 148 = -w*n, 0 = -3*n - i + 111. Suppose -117 = -5*h - n. Calculate the remainder when 30 is divided by h.
14
Suppose 6*k - 22 + 82 = 0. Let t be (k/(-3))/(22/99). Suppose -2*s + 27 = -v, t + 2 = 2*s - 3*v. What is the remainder when 59 is divided by s?
11
Suppose 0 = s - 31 - 17. Suppose 3*j + s = -5*j. Let p = -2 - j. Calculate the remainder when 7 is divided by p.
3
Let r be (-1)/1 + 1 + 9 + -2. Suppose r*v - 10*v = -246. Suppose 5*h - v = 38. What is the remainder when 93 is divided by h?
21
Suppose 7*l + 1286 = 4*j + 9*l, -2*l - 314 = -j. What is the remainder when j is divided by 46?
44
Let x = -45 - -76. Let t = -473 - -113. Calculate the remainder when (-1*8/12)/(4/t) is divided by x.
29
Suppose -4*z = 4*t - 36, -2*t = 5*z - 5 - 28. Suppose 3*q = 3*l + 2*l + 17, 5*q = t*l + 24. What is the remainder when 13 is divided by q?
1
Let h = -3893 - -4320. What is the remainder when h is divided by 14?
7
Let n be (23 - -2)*((-92)/(-10) + -4). Suppose n = -10*q + 20*q. What is the remainder when 46 is divided by q?
7
Let a = -2485 + 2513. Calculate the remainder when 1089 is divided by a.
25
Calculate the remainder when 7/21 - ((-706)/6 - -1) is divided by 51.
15
Suppose c - 91 = 2. Let l(o) = o**3 - 2*o**2 - 7*o + 13. Calculate the remainder when (-16)/(-3 + c/33) is divided by l(0).
10
Suppose 0 = w + 6 - 8. Suppose 0*r - 3*r = -3*x - 165, 3*r - 